[INFO] cloning repository https://github.com/JLerxky/prime-game
[INFO] running `Command { std: "git" "-c" "credential.helper=" "-c" "credential.helper=/workspace/cargo-home/bin/git-credential-null" "clone" "--bare" "https://github.com/JLerxky/prime-game" "/workspace/cache/git-repos/https%3A%2F%2Fgithub.com%2FJLerxky%2Fprime-game", kill_on_drop: false }`
[INFO] [stderr] Cloning into bare repository '/workspace/cache/git-repos/https%3A%2F%2Fgithub.com%2FJLerxky%2Fprime-game'...
[INFO] running `Command { std: "git" "rev-parse" "HEAD", kill_on_drop: false }`
[INFO] [stdout] 600594fdc7b19f727fc87b023a43d376640d4a98
[INFO] checking JLerxky/prime-game against master#e6e4f7ed1589e03bc2f6c5931c1a72e7947e8682 for beta-170-4
[INFO] running `Command { std: "git" "clone" "/workspace/cache/git-repos/https%3A%2F%2Fgithub.com%2FJLerxky%2Fprime-game" "/workspace/builds/worker-3-tc2/source", kill_on_drop: false }`
[INFO] [stderr] Cloning into '/workspace/builds/worker-3-tc2/source'...
[INFO] [stderr] done.
[INFO] validating manifest of git repo https://github.com/JLerxky/prime-game on toolchain e6e4f7ed1589e03bc2f6c5931c1a72e7947e8682
[INFO] running `Command { std: CARGO_HOME="/workspace/cargo-home" RUSTUP_HOME="/workspace/rustup-home" "/workspace/cargo-home/bin/cargo" "+e6e4f7ed1589e03bc2f6c5931c1a72e7947e8682" "metadata" "--manifest-path" "Cargo.toml" "--no-deps", kill_on_drop: false }`
[INFO] removed /workspace/builds/worker-3-tc2/source/.cargo/config.toml
[INFO] started tweaking git repo https://github.com/JLerxky/prime-game
[INFO] finished tweaking git repo https://github.com/JLerxky/prime-game
[INFO] tweaked toml for git repo https://github.com/JLerxky/prime-game written to /workspace/builds/worker-3-tc2/source/Cargo.toml
[INFO] crate git repo https://github.com/JLerxky/prime-game already has a lockfile, it will not be regenerated
[INFO] running `Command { std: CARGO_HOME="/workspace/cargo-home" RUSTUP_HOME="/workspace/rustup-home" "/workspace/cargo-home/bin/cargo" "+e6e4f7ed1589e03bc2f6c5931c1a72e7947e8682" "fetch" "--manifest-path" "Cargo.toml", kill_on_drop: false }`
[INFO] running `Command { std: "docker" "create" "-v" "/var/lib/crater-agent-workspace/builds/worker-3-tc2/target:/opt/rustwide/target:rw,Z" "-v" "/var/lib/crater-agent-workspace/builds/worker-3-tc2/source:/opt/rustwide/workdir:ro,Z" "-v" "/var/lib/crater-agent-workspace/cargo-home:/opt/rustwide/cargo-home:ro,Z" "-v" "/var/lib/crater-agent-workspace/rustup-home:/opt/rustwide/rustup-home:ro,Z" "-e" "SOURCE_DIR=/opt/rustwide/workdir" "-e" "CARGO_TARGET_DIR=/opt/rustwide/target" "-e" "CARGO_HOME=/opt/rustwide/cargo-home" "-e" "RUSTUP_HOME=/opt/rustwide/rustup-home" "-w" "/opt/rustwide/workdir" "-m" "1610612736" "--user" "0:0" "--network" "none" "ghcr.io/rust-lang/crates-build-env/linux@sha256:19e73879b68f455e41552ea35293514db52ea292d993f571636dbffedb77a1ee" "/opt/rustwide/cargo-home/bin/cargo" "+e6e4f7ed1589e03bc2f6c5931c1a72e7947e8682" "metadata" "--no-deps" "--format-version=1", kill_on_drop: false }`
[INFO] [stdout] 0781ec7cd22b211f1e31fcd18132564345b9a10ab4580bbe957dc34e8f9ecc03
[INFO] running `Command { std: "docker" "start" "-a" "0781ec7cd22b211f1e31fcd18132564345b9a10ab4580bbe957dc34e8f9ecc03", kill_on_drop: false }`
[INFO] running `Command { std: "docker" "inspect" "0781ec7cd22b211f1e31fcd18132564345b9a10ab4580bbe957dc34e8f9ecc03", kill_on_drop: false }`
[INFO] running `Command { std: "docker" "rm" "-f" "0781ec7cd22b211f1e31fcd18132564345b9a10ab4580bbe957dc34e8f9ecc03", kill_on_drop: false }`
[INFO] [stdout] 0781ec7cd22b211f1e31fcd18132564345b9a10ab4580bbe957dc34e8f9ecc03
[INFO] running `Command { std: "docker" "create" "-v" "/var/lib/crater-agent-workspace/builds/worker-3-tc2/target:/opt/rustwide/target:rw,Z" "-v" "/var/lib/crater-agent-workspace/builds/worker-3-tc2/source:/opt/rustwide/workdir:ro,Z" "-v" "/var/lib/crater-agent-workspace/cargo-home:/opt/rustwide/cargo-home:ro,Z" "-v" "/var/lib/crater-agent-workspace/rustup-home:/opt/rustwide/rustup-home:ro,Z" "-e" "SOURCE_DIR=/opt/rustwide/workdir" "-e" "CARGO_TARGET_DIR=/opt/rustwide/target" "-e" "CARGO_INCREMENTAL=0" "-e" "RUST_BACKTRACE=full" "-e" "RUSTFLAGS=--cap-lints=forbid" "-e" "RUSTDOCFLAGS=--cap-lints=forbid" "-e" "CARGO_HOME=/opt/rustwide/cargo-home" "-e" "RUSTUP_HOME=/opt/rustwide/rustup-home" "-w" "/opt/rustwide/workdir" "-m" "1610612736" "--user" "0:0" "--network" "none" "ghcr.io/rust-lang/crates-build-env/linux@sha256:19e73879b68f455e41552ea35293514db52ea292d993f571636dbffedb77a1ee" "/opt/rustwide/cargo-home/bin/cargo" "+e6e4f7ed1589e03bc2f6c5931c1a72e7947e8682" "check" "--frozen" "--all" "--all-targets" "--message-format=json", kill_on_drop: false }`
[INFO] [stdout] d6cc553e491dadea4ed102c7cab3a9a4fda9f7af9347655956ae1701845fb860
[INFO] running `Command { std: "docker" "start" "-a" "d6cc553e491dadea4ed102c7cab3a9a4fda9f7af9347655956ae1701845fb860", kill_on_drop: false }`
[INFO] [stderr]    Compiling libc v0.2.86
[INFO] [stderr]    Compiling syn v1.0.65
[INFO] [stderr]    Compiling serde v1.0.123
[INFO] [stderr]    Compiling getrandom v0.2.2
[INFO] [stderr]     Checking scopeguard v1.1.0
[INFO] [stderr]    Compiling standback v0.2.15
[INFO] [stderr]    Compiling time v0.2.25
[INFO] [stderr]     Checking once_cell v1.7.0
[INFO] [stderr]    Compiling log v0.4.14
[INFO] [stderr]    Compiling const_fn v0.4.5
[INFO] [stderr]     Checking futures-core v0.3.13
[INFO] [stderr]     Checking tracing-core v0.1.17
[INFO] [stderr]     Checking futures-io v0.3.13
[INFO] [stderr]     Checking cache-padded v1.1.1
[INFO] [stderr]     Checking fastrand v1.4.0
[INFO] [stderr]     Checking waker-fn v1.1.0
[INFO] [stderr]     Checking lock_api v0.4.2
[INFO] [stderr]     Checking parking v2.0.0
[INFO] [stderr]     Checking event-listener v2.5.1
[INFO] [stderr]     Checking async-task v4.0.3
[INFO] [stderr]     Checking concurrent-queue v1.2.2
[INFO] [stderr]     Checking vec-arena v1.0.0
[INFO] [stderr]    Compiling crossbeam-utils v0.8.3
[INFO] [stderr]     Checking futures-lite v1.11.3
[INFO] [stderr]    Compiling ahash v0.7.2
[INFO] [stderr]     Checking fixedbitset v0.4.0
[INFO] [stderr]     Checking async-channel v1.6.1
[INFO] [stderr]     Checking spirv_headers v1.5.0
[INFO] [stderr]    Compiling serde_json v1.0.63
[INFO] [stderr]     Checking regex-syntax v0.6.22
[INFO] [stderr]     Checking thread_local v1.1.3
[INFO] [stderr]     Checking aho-corasick v0.7.15
[INFO] [stderr]    Compiling anyhow v1.0.38
[INFO] [stderr]     Checking sharded-slab v0.1.1
[INFO] [stderr]     Checking bit-vec v0.6.3
[INFO] [stderr]     Checking anymap v0.12.1
[INFO] [stderr]     Checking tracing-log v0.1.2
[INFO] [stderr]    Compiling num-iter v0.1.42
[INFO] [stderr]    Compiling num-rational v0.3.2
[INFO] [stderr]     Checking ahash v0.4.7
[INFO] [stderr]    Compiling indexmap v1.6.2
[INFO] [stderr]    Compiling bevy-glsl-to-spirv v0.2.1
[INFO] [stderr]     Checking png v0.16.8
[INFO] [stderr]     Checking hashbrown v0.9.1
[INFO] [stderr]     Checking bytemuck v1.5.1
[INFO] [stderr]     Checking crossbeam-channel v0.5.0
[INFO] [stderr]    Compiling ahash v0.6.3
[INFO] [stderr]     Checking crossbeam-epoch v0.9.3
[INFO] [stderr]     Checking bit-set v0.5.2
[INFO] [stderr]    Compiling glam v0.11.3
[INFO] [stderr]     Checking libloading v0.6.7
[INFO] [stderr]     Checking async-executor v1.4.0
[INFO] [stderr]     Checking ttf-parser v0.12.0
[INFO] [stderr]     Checking fixedbitset v0.3.2
[INFO] [stderr]    Compiling alsa-sys v0.3.1
[INFO] [stderr]    Compiling num-rational v0.4.0
[INFO] [stderr]    Compiling nix v0.15.0
[INFO] [stderr]    Compiling khronos-egl v3.0.2
[INFO] [stderr]     Checking ab_glyph_rasterizer v0.1.4
[INFO] [stderr]    Compiling libudev-sys v0.1.4
[INFO] [stderr]     Checking euclid v0.22.2
[INFO] [stderr]     Checking image v0.23.13
[INFO] [stderr]     Checking num-complex v0.4.0
[INFO] [stderr]     Checking approx v0.5.0
[INFO] [stderr]    Compiling cfg_aliases v0.1.1
[INFO] [stderr]    Compiling nix v0.18.0
[INFO] [stderr]     Checking svg_fmt v0.4.1
[INFO] [stderr]    Compiling paste v1.0.4
[INFO] [stderr]    Compiling wgpu-core v0.7.1
[INFO] [stderr]     Checking matrixmultiply v0.3.0
[INFO] [stderr]     Checking petgraph v0.5.1
[INFO] [stderr]     Checking ash v0.31.0
[INFO] [stderr]     Checking gpu-descriptor-types v0.1.1
[INFO] [stderr]     Checking num_cpus v1.13.0
[INFO] [stderr]    Compiling jobserver v0.1.21
[INFO] [stderr]     Checking mio v0.7.9
[INFO] [stderr]     Checking rand_core v0.6.2
[INFO] [stderr]     Checking inotify-sys v0.1.5
[INFO] [stderr]    Compiling cc v1.0.67
[INFO] [stderr]     Checking rand_chacha v0.3.0
[INFO] [stderr]     Checking inotify v0.9.2
[INFO] [stderr]     Checking chrono v0.4.19
[INFO] [stderr]     Checking filetime v0.2.14
[INFO] [stderr]     Checking raw-window-handle v0.3.3
[INFO] [stderr]     Checking getrandom v0.1.16
[INFO] [stderr]     Checking fs2 v0.4.3
[INFO] [stderr]     Checking iovec v0.1.4
[INFO] [stderr]     Checking rand v0.8.3
[INFO] [stderr]     Checking net2 v0.2.37
[INFO] [stderr]     Checking simba v0.5.1
[INFO] [stderr]     Checking notify v5.0.0-pre.6
[INFO] [stderr]     Checking rand_core v0.5.1
[INFO] [stderr]     Checking guillotiere v0.6.0
[INFO] [stderr]     Checking owned_ttf_parser v0.12.0
[INFO] [stderr]     Checking ab_glyph v0.2.11
[INFO] [stderr]     Checking mio v0.6.23
[INFO] [stderr]     Checking rand_chacha v0.2.2
[INFO] [stderr]     Checking regex-automata v0.1.9
[INFO] [stderr]     Checking regex v1.4.3
[INFO] [stderr]     Checking rand v0.7.3
[INFO] [stderr]     Checking gpu-alloc-types v0.2.0
[INFO] [stderr]    Compiling tokio v1.8.1
[INFO] [stderr]    Compiling libm v0.1.4
[INFO] [stderr]     Checking config v0.1.0 (/opt/rustwide/workdir/config)
[INFO] [stderr]     Checking rectangle-pack v0.3.0
[INFO] [stderr]     Checking glow v0.7.2
[INFO] [stderr]    Compiling cpal v0.13.1
[INFO] [stderr]     Checking inplace_it v0.3.3
[INFO] [stderr]     Checking signal-hook-registry v1.3.0
[INFO] [stderr]     Checking slice-deque v0.3.0
[INFO] [stderr]     Checking x11-dl v2.18.5
[INFO] [stderr]     Checking mio-extras v2.0.6
[INFO] [stderr]     Checking crossbeam-deque v0.8.0
[INFO] [stderr]     Checking crossbeam-queue v0.3.1
[INFO] [stderr]     Checking approx v0.4.0
[INFO] [stderr]     Checking matchers v0.0.1
[INFO] [stderr]    Compiling spirv-reflect v0.2.3
[INFO] [stderr]    Compiling spirv_cross v0.23.1
[INFO] [stderr]    Compiling minimp3-sys v0.3.2
[INFO] [stderr]     Checking wgpu-types v0.7.0
[INFO] [stderr]     Checking xi-unicode v0.3.0
[INFO] [stderr]     Checking copyless v0.1.5
[INFO] [stderr]     Checking arrayvec v0.7.1
[INFO] [stderr]     Checking crossbeam v0.8.0
[INFO] [stderr]     Checking dirs-sys-next v0.1.2
[INFO] [stderr]     Checking glyph_brush_layout v0.2.1
[INFO] [stderr]     Checking endian-type v0.1.2
[INFO] [stderr]     Checking dirs-next v2.0.0
[INFO] [stderr]    Compiling xcb v0.8.2
[INFO] [stderr]     Checking nix v0.20.0
[INFO] [stderr]     Checking libloading v0.7.0
[INFO] [stderr]     Checking unicode-width v0.1.8
[INFO] [stderr]     Checking utf8parse v0.2.0
[INFO] [stderr]     Checking unicode-segmentation v1.7.1
[INFO] [stderr]     Checking crossbeam-channel v0.4.4
[INFO] [stderr]     Checking ordered-float v2.1.1
[INFO] [stderr]     Checking futures-sink v0.3.13
[INFO] [stderr]     Checking emath v0.13.0
[INFO] [stderr]     Checking atomic_refcell v0.1.7
[INFO] [stderr]     Checking stretch v0.3.2
[INFO] [stderr]     Checking futures-channel v0.3.13
[INFO] [stderr]     Checking futures-task v0.3.13
[INFO] [stderr]     Checking epaint v0.13.0
[INFO] [stderr]     Checking webbrowser v0.5.5
[INFO] [stderr]     Checking glam v0.16.0
[INFO] [stderr] error: failed to run custom build command for `xcb v0.8.2`
[INFO] [stderr] note: To improve backtraces for build dependencies, set the CARGO_PROFILE_DEV_BUILD_OVERRIDE_DEBUG=true environment variable to enable debug information generation.
[INFO] [stderr] 
[INFO] [stderr] Caused by:
[INFO] [stderr]   process didn't exit successfully: `/opt/rustwide/target/debug/build/xcb-43566f05b4ad7c5e/build-script-build` (exit status: 101)
[INFO] [stderr]   --- stderr
[INFO] [stderr]   error occured in handler:  ('request: ', ('xcb', 'Xv', 'ShmPutImage'))
[INFO] [stderr]   Traceback (most recent call last):
[INFO] [stderr]     File "/opt/rustwide/cargo-home/registry/src/index.crates.io-6f17d22bba15001f/xcb-0.8.2/rs_client.py", line 2448, in <module>
[INFO] [stderr]       module.generate()
[INFO] [stderr]     File "/opt/rustwide/cargo-home/registry/src/index.crates.io-6f17d22bba15001f/xcb-0.8.2/xcbgen/state.py", line 108, in generate
[INFO] [stderr]       self.close()
[INFO] [stderr]     File "/opt/rustwide/cargo-home/registry/src/index.crates.io-6f17d22bba15001f/xcb-0.8.2/rs_client.py", line 296, in rs_close
[INFO] [stderr]       _f.writeout(os.path.join(module.rs_srcdir, "ffi", "%s.rs" % _module_name(_ns.ext_name)))
[INFO] [stderr]     File "/opt/rustwide/cargo-home/registry/src/index.crates.io-6f17d22bba15001f/xcb-0.8.2/rs_client.py", line 114, in writeout
[INFO] [stderr]       with open(path, 'w') as f:
[INFO] [stderr]   OSError: [Errno 30] Read-only file system: '/opt/rustwide/cargo-home/registry/src/index.crates.io-6f17d22bba15001f/xcb-0.8.2/src/ffi/xv.rs'
[INFO] [stderr]   thread 'main' panicked at 'processing of /opt/rustwide/cargo-home/registry/src/index.crates.io-6f17d22bba15001f/xcb-0.8.2/xml/xv.xml returned non-zero (1)', /opt/rustwide/cargo-home/registry/src/index.crates.io-6f17d22bba15001f/xcb-0.8.2/build.rs:75:17
[INFO] [stderr]   stack backtrace:
[INFO] [stderr]      0:     0x56230d8ca081 - std::backtrace_rs::backtrace::libunwind::trace::ha9d9de1bf4176bfa
[INFO] [stderr]                                  at /rustc/e6e4f7ed1589e03bc2f6c5931c1a72e7947e8682/library/std/src/../../backtrace/src/backtrace/libunwind.rs:93:5
[INFO] [stderr]      1:     0x56230d8ca081 - std::backtrace_rs::backtrace::trace_unsynchronized::h165c36ef694ada1c
[INFO] [stderr]                                  at /rustc/e6e4f7ed1589e03bc2f6c5931c1a72e7947e8682/library/std/src/../../backtrace/src/backtrace/mod.rs:66:5
[INFO] [stderr]      2:     0x56230d8ca081 - std::sys_common::backtrace::_print_fmt::h4d89c7ce1e89b43d
[INFO] [stderr]                                  at /rustc/e6e4f7ed1589e03bc2f6c5931c1a72e7947e8682/library/std/src/sys_common/backtrace.rs:65:5
[INFO] [stderr]      3:     0x56230d8ca081 - <std::sys_common::backtrace::_print::DisplayBacktrace as core::fmt::Display>::fmt::hfc68e8a2f3b7b37c
[INFO] [stderr]                                  at /rustc/e6e4f7ed1589e03bc2f6c5931c1a72e7947e8682/library/std/src/sys_common/backtrace.rs:44:22
[INFO] [stderr]      4:     0x56230d8e93af - core::fmt::rt::Argument::fmt::hc7dd5538f3de21b7
[INFO] [stderr]                                  at /rustc/e6e4f7ed1589e03bc2f6c5931c1a72e7947e8682/library/core/src/fmt/rt.rs:138:9
[INFO] [stderr]      5:     0x56230d8e93af - core::fmt::write::hac9705ca9b43c249
[INFO] [stderr]                                  at /rustc/e6e4f7ed1589e03bc2f6c5931c1a72e7947e8682/library/core/src/fmt/mod.rs:1094:21
[INFO] [stderr]      6:     0x56230d8c7bb1 - std::io::Write::write_fmt::h7bc9466b47d6774b
[INFO] [stderr]                                  at /rustc/e6e4f7ed1589e03bc2f6c5931c1a72e7947e8682/library/std/src/io/mod.rs:1713:15
[INFO] [stderr]      7:     0x56230d8c9e95 - std::sys_common::backtrace::_print::h03072469d8150f3e
[INFO] [stderr]                                  at /rustc/e6e4f7ed1589e03bc2f6c5931c1a72e7947e8682/library/std/src/sys_common/backtrace.rs:47:5
[INFO] [stderr]      8:     0x56230d8c9e95 - std::sys_common::backtrace::print::hd0f67791f02b87ae
[INFO] [stderr]                                  at /rustc/e6e4f7ed1589e03bc2f6c5931c1a72e7947e8682/library/std/src/sys_common/backtrace.rs:34:9
[INFO] [stderr]      9:     0x56230d8cb3c7 - std::panicking::default_hook::{{closure}}::h7c8ccb2c703d1528
[INFO] [stderr]     10:     0x56230d8cb1b4 - std::panicking::default_hook::h770c31d58b53801e
[INFO] [stderr]                                  at /rustc/e6e4f7ed1589e03bc2f6c5931c1a72e7947e8682/library/std/src/panicking.rs:288:9
[INFO] [stderr]     11:     0x56230d8cb87c - std::panicking::rust_panic_with_hook::hb50e58c42f5187f2
[INFO] [stderr]                                  at /rustc/e6e4f7ed1589e03bc2f6c5931c1a72e7947e8682/library/std/src/panicking.rs:705:13
[INFO] [stderr]     12:     0x56230d8cb777 - std::panicking::begin_panic_handler::{{closure}}::h4d6093b91efbd52e
[INFO] [stderr]                                  at /rustc/e6e4f7ed1589e03bc2f6c5931c1a72e7947e8682/library/std/src/panicking.rs:597:13
[INFO] [stderr]     13:     0x56230d8ca4b6 - std::sys_common::backtrace::__rust_end_short_backtrace::h318963d1ef4510cb
[INFO] [stderr]                                  at /rustc/e6e4f7ed1589e03bc2f6c5931c1a72e7947e8682/library/std/src/sys_common/backtrace.rs:151:18
[INFO] [stderr]     14:     0x56230d8cb4c2 - rust_begin_unwind
[INFO] [stderr]                                  at /rustc/e6e4f7ed1589e03bc2f6c5931c1a72e7947e8682/library/std/src/panicking.rs:593:5
[INFO] [stderr]     15:     0x56230d8a5293 - core::panicking::panic_fmt::h6ce9f4b93775846b
[INFO] [stderr]                                  at /rustc/e6e4f7ed1589e03bc2f6c5931c1a72e7947e8682/library/core/src/panicking.rs:67:14
[INFO] [stderr]     16:     0x56230d8a9ce5 - build_script_build::main::{{closure}}::h035cbbac19fcca4d
[INFO] [stderr]     17:     0x56230d8a8b5d - build_script_build::visit_xml::hd84f6f6d41ba255f
[INFO] [stderr]     18:     0x56230d8a922b - build_script_build::main::h2dc8d838c3928e32
[INFO] [stderr]     19:     0x56230d8a9db3 - core::ops::function::FnOnce::call_once::h8e0b82d1652e24fe
[INFO] [stderr]     20:     0x56230d8a7286 - std::sys_common::backtrace::__rust_begin_short_backtrace::h659fc9169bed3862
[INFO] [stderr]     21:     0x56230d8a6dd9 - std::rt::lang_start::{{closure}}::h5172858f859094a3
[INFO] [stderr]     22:     0x56230d8c47f5 - core::ops::function::impls::<impl core::ops::function::FnOnce<A> for &F>::call_once::hb332f02ff9fc81e2
[INFO] [stderr]                                  at /rustc/e6e4f7ed1589e03bc2f6c5931c1a72e7947e8682/library/core/src/ops/function.rs:284:13
[INFO] [stderr]     23:     0x56230d8c47f5 - std::panicking::try::do_call::hed879afea606d968
[INFO] [stderr]                                  at /rustc/e6e4f7ed1589e03bc2f6c5931c1a72e7947e8682/library/std/src/panicking.rs:500:40
[INFO] [stderr]     24:     0x56230d8c47f5 - std::panicking::try::h395a878f3e4bd2f0
[INFO] [stderr]                                  at /rustc/e6e4f7ed1589e03bc2f6c5931c1a72e7947e8682/library/std/src/panicking.rs:464:19
[INFO] [stderr]     25:     0x56230d8c47f5 - std::panic::catch_unwind::hb44b6ea043448d57
[INFO] [stderr]                                  at /rustc/e6e4f7ed1589e03bc2f6c5931c1a72e7947e8682/library/std/src/panic.rs:142:14
[INFO] [stderr]     26:     0x56230d8c47f5 - std::rt::lang_start_internal::{{closure}}::h6184ba9e5b3e5fbf
[INFO] [stderr]                                  at /rustc/e6e4f7ed1589e03bc2f6c5931c1a72e7947e8682/library/std/src/rt.rs:148:48
[INFO] [stderr]     27:     0x56230d8c47f5 - std::panicking::try::do_call::h8b2c97d4d3608274
[INFO] [stderr]                                  at /rustc/e6e4f7ed1589e03bc2f6c5931c1a72e7947e8682/library/std/src/panicking.rs:500:40
[INFO] [stderr]     28:     0x56230d8c47f5 - std::panicking::try::hfa4cc536e097f1fe
[INFO] [stderr]                                  at /rustc/e6e4f7ed1589e03bc2f6c5931c1a72e7947e8682/library/std/src/panicking.rs:464:19
[INFO] [stderr]     29:     0x56230d8c47f5 - std::panic::catch_unwind::ha3e2192625bb4844
[INFO] [stderr]                                  at /rustc/e6e4f7ed1589e03bc2f6c5931c1a72e7947e8682/library/std/src/panic.rs:142:14
[INFO] [stderr]     30:     0x56230d8c47f5 - std::rt::lang_start_internal::hbd6687884d030770
[INFO] [stderr]                                  at /rustc/e6e4f7ed1589e03bc2f6c5931c1a72e7947e8682/library/std/src/rt.rs:148:20
[INFO] [stderr]     31:     0x56230d8a6db7 - std::rt::lang_start::hee4479288e870b3c
[INFO] [stderr]     32:     0x56230d8a9d55 - main
[INFO] [stderr]     33:     0x7f763ddd7d90 - <unknown>
[INFO] [stderr]     34:     0x7f763ddd7e40 - __libc_start_main
[INFO] [stderr]     35:     0x56230d8a58f5 - _start
[INFO] [stderr]     36:                0x0 - <unknown>
[INFO] [stderr] warning: build failed, waiting for other jobs to finish...
[INFO] [stderr] error: could not compile `ash` (lib)
[INFO] [stderr] 
[INFO] [stderr] Caused by:
[INFO] [stderr]   process didn't exit successfully: `/opt/rustwide/rustup-home/toolchains/e6e4f7ed1589e03bc2f6c5931c1a72e7947e8682/bin/rustc --crate-name ash --edition=2018 /opt/rustwide/cargo-home/registry/src/index.crates.io-6f17d22bba15001f/ash-0.31.0/src/lib.rs --error-format=json --json=diagnostic-rendered-ansi,artifacts,future-incompat --crate-type lib --emit=dep-info,metadata -C embed-bitcode=no -C debuginfo=2 --cfg 'feature="default"' --cfg 'feature="libloading"' -C metadata=bab6221131a0326e -C extra-filename=-bab6221131a0326e --out-dir /opt/rustwide/target/debug/deps -L dependency=/opt/rustwide/target/debug/deps --extern libloading=/opt/rustwide/target/debug/deps/liblibloading-fcd6905d951d9ed9.rmeta --cap-lints allow --cap-lints=forbid` (signal: 9, SIGKILL: kill)
[INFO] [stderr] error: could not compile `syn` (lib)
[INFO] [stderr] 
[INFO] [stderr] Caused by:
[INFO] [stderr]   process didn't exit successfully: `/opt/rustwide/rustup-home/toolchains/e6e4f7ed1589e03bc2f6c5931c1a72e7947e8682/bin/rustc --crate-name syn --edition=2018 /opt/rustwide/cargo-home/registry/src/index.crates.io-6f17d22bba15001f/syn-1.0.65/src/lib.rs --error-format=json --json=diagnostic-rendered-ansi,artifacts,future-incompat --crate-type lib --emit=dep-info,metadata,link -C embed-bitcode=no -C debuginfo=0 --cfg 'feature="clone-impls"' --cfg 'feature="default"' --cfg 'feature="derive"' --cfg 'feature="extra-traits"' --cfg 'feature="full"' --cfg 'feature="parsing"' --cfg 'feature="printing"' --cfg 'feature="proc-macro"' --cfg 'feature="quote"' --cfg 'feature="visit"' --cfg 'feature="visit-mut"' -C metadata=32b4027d1b453aab -C extra-filename=-32b4027d1b453aab --out-dir /opt/rustwide/target/debug/deps -L dependency=/opt/rustwide/target/debug/deps --extern proc_macro2=/opt/rustwide/target/debug/deps/libproc_macro2-85598b470396a2cc.rmeta --extern quote=/opt/rustwide/target/debug/deps/libquote-7c017c13753115e3.rmeta --extern unicode_xid=/opt/rustwide/target/debug/deps/libunicode_xid-0c5ec5e2b118daeb.rmeta --cap-lints allow --cap-lints=forbid` (signal: 9, SIGKILL: kill)
[INFO] [stderr] error: could not compile `simba` (lib)
[INFO] [stderr] 
[INFO] [stderr] Caused by:
[INFO] [stderr]   process didn't exit successfully: `/opt/rustwide/rustup-home/toolchains/e6e4f7ed1589e03bc2f6c5931c1a72e7947e8682/bin/rustc --crate-name simba --edition=2018 /opt/rustwide/cargo-home/registry/src/index.crates.io-6f17d22bba15001f/simba-0.5.1/src/lib.rs --error-format=json --json=diagnostic-rendered-ansi,artifacts,future-incompat --crate-type lib --emit=dep-info,metadata -C embed-bitcode=no -C debuginfo=2 --cfg 'feature="default"' --cfg 'feature="std"' -C metadata=2d6ede3876fef0d3 -C extra-filename=-2d6ede3876fef0d3 --out-dir /opt/rustwide/target/debug/deps -L dependency=/opt/rustwide/target/debug/deps --extern approx=/opt/rustwide/target/debug/deps/libapprox-978ae2727bb48805.rmeta --extern num_complex=/opt/rustwide/target/debug/deps/libnum_complex-b641647a10993695.rmeta --extern num_traits=/opt/rustwide/target/debug/deps/libnum_traits-524bbe6f6ea40d8f.rmeta --extern paste=/opt/rustwide/target/debug/deps/libpaste-a2ee749e1a977cf3.so --cap-lints allow --cap-lints=forbid` (signal: 9, SIGKILL: kill)
[INFO] [stderr] error: could not compile `nix` (lib)
[INFO] [stderr] 
[INFO] [stderr] Caused by:
[INFO] [stderr]   process didn't exit successfully: `/opt/rustwide/rustup-home/toolchains/e6e4f7ed1589e03bc2f6c5931c1a72e7947e8682/bin/rustc --crate-name nix /opt/rustwide/cargo-home/registry/src/index.crates.io-6f17d22bba15001f/nix-0.15.0/src/lib.rs --error-format=json --json=diagnostic-rendered-ansi,artifacts,future-incompat --crate-type lib --emit=dep-info,metadata -C embed-bitcode=no -C debuginfo=2 -C metadata=4c1672c00f3b658b -C extra-filename=-4c1672c00f3b658b --out-dir /opt/rustwide/target/debug/deps -L dependency=/opt/rustwide/target/debug/deps --extern bitflags=/opt/rustwide/target/debug/deps/libbitflags-e04ac01b95e26adc.rmeta --extern cfg_if=/opt/rustwide/target/debug/deps/libcfg_if-17336f8605ba5943.rmeta --extern libc=/opt/rustwide/target/debug/deps/liblibc-406d2028d10ffe00.rmeta --extern void=/opt/rustwide/target/debug/deps/libvoid-1a5880b40f61b5e0.rmeta --cap-lints allow --cap-lints=forbid` (signal: 9, SIGKILL: kill)
[INFO] [stderr] error: could not compile `nix` (lib)
[INFO] [stderr] 
[INFO] [stderr] Caused by:
[INFO] [stderr]   process didn't exit successfully: `/opt/rustwide/rustup-home/toolchains/e6e4f7ed1589e03bc2f6c5931c1a72e7947e8682/bin/rustc --crate-name nix --edition=2018 /opt/rustwide/cargo-home/registry/src/index.crates.io-6f17d22bba15001f/nix-0.18.0/src/lib.rs --error-format=json --json=diagnostic-rendered-ansi,artifacts,future-incompat --crate-type lib --emit=dep-info,metadata -C embed-bitcode=no -C debuginfo=2 -C metadata=d1792e80def6c97a -C extra-filename=-d1792e80def6c97a --out-dir /opt/rustwide/target/debug/deps -L dependency=/opt/rustwide/target/debug/deps --extern bitflags=/opt/rustwide/target/debug/deps/libbitflags-e04ac01b95e26adc.rmeta --extern cfg_if=/opt/rustwide/target/debug/deps/libcfg_if-17336f8605ba5943.rmeta --extern libc=/opt/rustwide/target/debug/deps/liblibc-406d2028d10ffe00.rmeta --cap-lints allow --cap-lints=forbid` (signal: 9, SIGKILL: kill)
[INFO] [stderr] error: could not compile `nix` (lib)
[INFO] [stderr] 
[INFO] [stderr] Caused by:
[INFO] [stderr]   process didn't exit successfully: `/opt/rustwide/rustup-home/toolchains/e6e4f7ed1589e03bc2f6c5931c1a72e7947e8682/bin/rustc --crate-name nix --edition=2018 /opt/rustwide/cargo-home/registry/src/index.crates.io-6f17d22bba15001f/nix-0.20.0/src/lib.rs --error-format=json --json=diagnostic-rendered-ansi,artifacts,future-incompat --crate-type lib --emit=dep-info,metadata -C embed-bitcode=no -C debuginfo=2 -C metadata=eb20224bd91353f5 -C extra-filename=-eb20224bd91353f5 --out-dir /opt/rustwide/target/debug/deps -L dependency=/opt/rustwide/target/debug/deps --extern bitflags=/opt/rustwide/target/debug/deps/libbitflags-e04ac01b95e26adc.rmeta --extern cfg_if=/opt/rustwide/target/debug/deps/libcfg_if-94812f0b2a55fda8.rmeta --extern libc=/opt/rustwide/target/debug/deps/liblibc-406d2028d10ffe00.rmeta --cap-lints allow --cap-lints=forbid` (signal: 9, SIGKILL: kill)
[INFO] [stderr] The following warnings were emitted during compilation:
[INFO] [stderr] 
[INFO] [stderr] warning: src/wrapper.cpp:2: warning: ignoring '#pragma warning ' [-Wunknown-pragmas]
[INFO] [stderr] warning:     2 | #pragma warning(disable : 4996 4101)
[INFO] [stderr] warning:       | 
[INFO] [stderr] warning: c++: fatal error: Killed signal terminated program cc1plus
[INFO] [stderr] warning: compilation terminated.
[INFO] [stderr] 
[INFO] [stderr] error: failed to run custom build command for `spirv_cross v0.23.1`
[INFO] [stderr] note: To improve backtraces for build dependencies, set the CARGO_PROFILE_DEV_BUILD_OVERRIDE_DEBUG=true environment variable to enable debug information generation.
[INFO] [stderr] 
[INFO] [stderr] Caused by:
[INFO] [stderr]   process didn't exit successfully: `/opt/rustwide/target/debug/build/spirv_cross-067f5b6dbce04a84/build-script-build` (exit status: 1)
[INFO] [stderr]   --- stdout
[INFO] [stderr]   OPT_LEVEL = Some("0")
[INFO] [stderr]   TARGET = Some("x86_64-unknown-linux-gnu")
[INFO] [stderr]   HOST = Some("x86_64-unknown-linux-gnu")
[INFO] [stderr]   CXX_x86_64-unknown-linux-gnu = None
[INFO] [stderr]   CXX_x86_64_unknown_linux_gnu = None
[INFO] [stderr]   HOST_CXX = None
[INFO] [stderr]   CXX = None
[INFO] [stderr]   CXXFLAGS_x86_64-unknown-linux-gnu = None
[INFO] [stderr]   CXXFLAGS_x86_64_unknown_linux_gnu = None
[INFO] [stderr]   HOST_CXXFLAGS = None
[INFO] [stderr]   CXXFLAGS = None
[INFO] [stderr]   CRATE_CC_NO_DEFAULTS = None
[INFO] [stderr]   DEBUG = Some("true")
[INFO] [stderr]   CARGO_CFG_TARGET_FEATURE = Some("fxsr,sse,sse2")
[INFO] [stderr]   CXX_x86_64-unknown-linux-gnu = None
[INFO] [stderr]   CXX_x86_64_unknown_linux_gnu = None
[INFO] [stderr]   HOST_CXX = None
[INFO] [stderr]   CXX = None
[INFO] [stderr]   CXXFLAGS_x86_64-unknown-linux-gnu = None
[INFO] [stderr]   CXXFLAGS_x86_64_unknown_linux_gnu = None
[INFO] [stderr]   HOST_CXXFLAGS = None
[INFO] [stderr]   CXXFLAGS = None
[INFO] [stderr]   CRATE_CC_NO_DEFAULTS = None
[INFO] [stderr]   CARGO_CFG_TARGET_FEATURE = Some("fxsr,sse,sse2")
[INFO] [stderr]   running: "c++" "-O0" "-ffunction-sections" "-fdata-sections" "-fPIC" "-g" "-fno-omit-frame-pointer" "-m64" "-Wall" "-Wextra" "-DSPIRV_CROSS_EXCEPTIONS_TO_ASSERTIONS" "-DSPIRV_CROSS_WRAPPER_NO_EXCEPTIONS" "-DSPIRV_CROSS_WRAPPER_GLSL" "-DSPIRV_CROSS_WRAPPER_HLSL" "-DSPIRV_CROSS_WRAPPER_MSL" "-std=c++14" "-o" "/opt/rustwide/target/debug/build/spirv_cross-625e44b88aa69e75/out/src/wrapper.o" "-c" "src/wrapper.cpp"
[INFO] [stderr]   cargo:warning=src/wrapper.cpp:2: warning: ignoring '#pragma warning ' [-Wunknown-pragmas]
[INFO] [stderr]   cargo:warning=    2 | #pragma warning(disable : 4996 4101)
[INFO] [stderr]   cargo:warning=      | 
[INFO] [stderr]   running: "c++" "-O0" "-ffunction-sections" "-fdata-sections" "-fPIC" "-g" "-fno-omit-frame-pointer" "-m64" "-Wall" "-Wextra" "-DSPIRV_CROSS_EXCEPTIONS_TO_ASSERTIONS" "-DSPIRV_CROSS_WRAPPER_NO_EXCEPTIONS" "-DSPIRV_CROSS_WRAPPER_GLSL" "-DSPIRV_CROSS_WRAPPER_HLSL" "-DSPIRV_CROSS_WRAPPER_MSL" "-std=c++14" "-o" "/opt/rustwide/target/debug/build/spirv_cross-625e44b88aa69e75/out/src/vendor/SPIRV-Cross/spirv_cfg.o" "-c" "src/vendor/SPIRV-Cross/spirv_cfg.cpp"
[INFO] [stderr]   running: "c++" "-O0" "-ffunction-sections" "-fdata-sections" "-fPIC" "-g" "-fno-omit-frame-pointer" "-m64" "-Wall" "-Wextra" "-DSPIRV_CROSS_EXCEPTIONS_TO_ASSERTIONS" "-DSPIRV_CROSS_WRAPPER_NO_EXCEPTIONS" "-DSPIRV_CROSS_WRAPPER_GLSL" "-DSPIRV_CROSS_WRAPPER_HLSL" "-DSPIRV_CROSS_WRAPPER_MSL" "-std=c++14" "-o" "/opt/rustwide/target/debug/build/spirv_cross-625e44b88aa69e75/out/src/vendor/SPIRV-Cross/spirv_cross.o" "-c" "src/vendor/SPIRV-Cross/spirv_cross.cpp"
[INFO] [stderr]   running: "c++" "-O0" "-ffunction-sections" "-fdata-sections" "-fPIC" "-g" "-fno-omit-frame-pointer" "-m64" "-Wall" "-Wextra" "-DSPIRV_CROSS_EXCEPTIONS_TO_ASSERTIONS" "-DSPIRV_CROSS_WRAPPER_NO_EXCEPTIONS" "-DSPIRV_CROSS_WRAPPER_GLSL" "-DSPIRV_CROSS_WRAPPER_HLSL" "-DSPIRV_CROSS_WRAPPER_MSL" "-std=c++14" "-o" "/opt/rustwide/target/debug/build/spirv_cross-625e44b88aa69e75/out/src/vendor/SPIRV-Cross/spirv_cross_parsed_ir.o" "-c" "src/vendor/SPIRV-Cross/spirv_cross_parsed_ir.cpp"
[INFO] [stderr]   running: "c++" "-O0" "-ffunction-sections" "-fdata-sections" "-fPIC" "-g" "-fno-omit-frame-pointer" "-m64" "-Wall" "-Wextra" "-DSPIRV_CROSS_EXCEPTIONS_TO_ASSERTIONS" "-DSPIRV_CROSS_WRAPPER_NO_EXCEPTIONS" "-DSPIRV_CROSS_WRAPPER_GLSL" "-DSPIRV_CROSS_WRAPPER_HLSL" "-DSPIRV_CROSS_WRAPPER_MSL" "-std=c++14" "-o" "/opt/rustwide/target/debug/build/spirv_cross-625e44b88aa69e75/out/src/vendor/SPIRV-Cross/spirv_parser.o" "-c" "src/vendor/SPIRV-Cross/spirv_parser.cpp"
[INFO] [stderr]   running: "c++" "-O0" "-ffunction-sections" "-fdata-sections" "-fPIC" "-g" "-fno-omit-frame-pointer" "-m64" "-Wall" "-Wextra" "-DSPIRV_CROSS_EXCEPTIONS_TO_ASSERTIONS" "-DSPIRV_CROSS_WRAPPER_NO_EXCEPTIONS" "-DSPIRV_CROSS_WRAPPER_GLSL" "-DSPIRV_CROSS_WRAPPER_HLSL" "-DSPIRV_CROSS_WRAPPER_MSL" "-std=c++14" "-o" "/opt/rustwide/target/debug/build/spirv_cross-625e44b88aa69e75/out/src/vendor/SPIRV-Cross/spirv_cross_util.o" "-c" "src/vendor/SPIRV-Cross/spirv_cross_util.cpp"
[INFO] [stderr]   running: "c++" "-O0" "-ffunction-sections" "-fdata-sections" "-fPIC" "-g" "-fno-omit-frame-pointer" "-m64" "-Wall" "-Wextra" "-DSPIRV_CROSS_EXCEPTIONS_TO_ASSERTIONS" "-DSPIRV_CROSS_WRAPPER_NO_EXCEPTIONS" "-DSPIRV_CROSS_WRAPPER_GLSL" "-DSPIRV_CROSS_WRAPPER_HLSL" "-DSPIRV_CROSS_WRAPPER_MSL" "-std=c++14" "-o" "/opt/rustwide/target/debug/build/spirv_cross-625e44b88aa69e75/out/src/vendor/SPIRV-Cross/spirv_glsl.o" "-c" "src/vendor/SPIRV-Cross/spirv_glsl.cpp"
[INFO] [stderr]   running: "c++" "-O0" "-ffunction-sections" "-fdata-sections" "-fPIC" "-g" "-fno-omit-frame-pointer" "-m64" "-Wall" "-Wextra" "-DSPIRV_CROSS_EXCEPTIONS_TO_ASSERTIONS" "-DSPIRV_CROSS_WRAPPER_NO_EXCEPTIONS" "-DSPIRV_CROSS_WRAPPER_GLSL" "-DSPIRV_CROSS_WRAPPER_HLSL" "-DSPIRV_CROSS_WRAPPER_MSL" "-std=c++14" "-o" "/opt/rustwide/target/debug/build/spirv_cross-625e44b88aa69e75/out/src/vendor/SPIRV-Cross/spirv_hlsl.o" "-c" "src/vendor/SPIRV-Cross/spirv_hlsl.cpp"
[INFO] [stderr]   running: "c++" "-O0" "-ffunction-sections" "-fdata-sections" "-fPIC" "-g" "-fno-omit-frame-pointer" "-m64" "-Wall" "-Wextra" "-DSPIRV_CROSS_EXCEPTIONS_TO_ASSERTIONS" "-DSPIRV_CROSS_WRAPPER_NO_EXCEPTIONS" "-DSPIRV_CROSS_WRAPPER_GLSL" "-DSPIRV_CROSS_WRAPPER_HLSL" "-DSPIRV_CROSS_WRAPPER_MSL" "-std=c++14" "-o" "/opt/rustwide/target/debug/build/spirv_cross-625e44b88aa69e75/out/src/vendor/SPIRV-Cross/spirv_msl.o" "-c" "src/vendor/SPIRV-Cross/spirv_msl.cpp"
[INFO] [stderr]   exit status: 0
[INFO] [stderr]   exit status: 0
[INFO] [stderr]   cargo:warning=c++: fatal error: Killed signal terminated program cc1plus
[INFO] [stderr]   cargo:warning=compilation terminated.
[INFO] [stderr]   exit status: 1
[INFO] [stderr]   exit status: 0
[INFO] [stderr]   exit status: 0
[INFO] [stderr]   exit status: 0
[INFO] [stderr]   exit status: 0
[INFO] [stderr]   exit status: 0
[INFO] [stderr]   exit status: 0
[INFO] [stderr] 
[INFO] [stderr]   --- stderr
[INFO] [stderr] 
[INFO] [stderr] 
[INFO] [stderr]   error occurred: Command "c++" "-O0" "-ffunction-sections" "-fdata-sections" "-fPIC" "-g" "-fno-omit-frame-pointer" "-m64" "-Wall" "-Wextra" "-DSPIRV_CROSS_EXCEPTIONS_TO_ASSERTIONS" "-DSPIRV_CROSS_WRAPPER_NO_EXCEPTIONS" "-DSPIRV_CROSS_WRAPPER_GLSL" "-DSPIRV_CROSS_WRAPPER_HLSL" "-DSPIRV_CROSS_WRAPPER_MSL" "-std=c++14" "-o" "/opt/rustwide/target/debug/build/spirv_cross-625e44b88aa69e75/out/src/vendor/SPIRV-Cross/spirv_cross.o" "-c" "src/vendor/SPIRV-Cross/spirv_cross.cpp" with args "c++" did not execute successfully (status code exit status: 1).
[INFO] [stderr] 
[INFO] [stderr] 
[INFO] running `Command { std: "docker" "inspect" "d6cc553e491dadea4ed102c7cab3a9a4fda9f7af9347655956ae1701845fb860", kill_on_drop: false }`
[INFO] running `Command { std: "docker" "rm" "-f" "d6cc553e491dadea4ed102c7cab3a9a4fda9f7af9347655956ae1701845fb860", kill_on_drop: false }`
[INFO] [stdout] d6cc553e491dadea4ed102c7cab3a9a4fda9f7af9347655956ae1701845fb860
